mainder when 157 is divided by h?
22
Let b(p) = p**2 - 9*p + 38. Calculate the remainder when b(3) is divided by 14.
6
Suppose 0*i = -2*i + 98. Let y = i + -44. What is the remainder when 12 is divided by y?
2
What is the remainder when 1/(-7) + (-40095)/(-385) is divided by 43?
18
Let f = -348 - -366. Suppose 2*q - 165 = -3*q. Calculate the remainder when q is divided by f.
15
Let i(d) be the third derivative of d**4/24 - d**3/6 - d**2. Let r be i(1). Suppose 0*x - 2*x + 46 = r. Calculate the remainder when x is divided by 7.
2
Let m(d) be the second derivative of d**4/12 - 4*d**3/3 + 5*d**2 + d. Let b be m(7). Calculate the remainder when 18 is divided by 17/3 + (-2)/b.
3
Let n = 54 + -35. Let l = 50 - n. What is the remainder when l is divided by 8?
7
Calculate the remainder when 159 is divided by (-23)/(3542/(-6034)) + 4/(-22).
3
Calculate the remainder when (-91)/(2/(-5) + 6/(-10)) is divided by 31.
29
Suppose 4*r + 15 = 7*r. Let q(s) = 8*s + 12. Let a be q(3). Suppose -5*y + 30 = -r*g, -5*y - g + a = -0*g. What is the remainder when 17 is divided by y?
3
Let n be (2/2)/((-6)/42). What is the remainder when (-212)/n - 10/35 is divided by -1 + 9 + 2 - -1?
8
Let z = 135 - 123. Calculate the remainder when 42 is divided by z.
6
Suppose -2*z + 351 = z. Let q = -59 + z. What is the remainder when q is divided by 5?
3
Suppose -13*z = -20*z + 28. Calculate the remainder when 189 is divided by z.
1
Let s = -120 + 204. Calculate the remainder when s is divided by ((-297)/(-18) - 14)*(-3)/((-15)/34).
16
Let o(d) = 5*d. Let z(t) = 21*t. Let v(y) = 9*o(y) - 2*z(y). Suppose 0 = -3*x + 2*x + 7. Calculate the remainder when v(x) is divided by 6.
3
Suppose 3*b = -b. Suppose b*r = -2*r + 80. What is the remainder when r is divided by (1 + 27/(-15))/((-16)/280)?
12
Let l = -122 - -179. Suppose -2*u = -2*t + u + l, -135 = -4*t - u. What is the remainder when 63 is divided by t?
30
Suppose -2*n - 3*x + 989 = 0, 3*n - 1335 = -x + 166. What is the remainder when n is divided by 125?
2
What is the remainder when 198 is divided by ((-165)/2)/(21/(-14))?
33
Let j = -75 + 290. Suppose -15*h = -20*h + j. What is the remainder when h is divided by 16?
11
Let i(z) = 10*z**2 + 491*z - 73. Calculate the remainder when i(-50) is divided by 38.
35
Suppose 70 = -59*r + 61*r. What is the remainder when r is divided by 13?
9
Suppose 2*h = -q + 83, -204 - 128 = -4*q - 2*h. What is the remainder when 579 is divided by q?
81
Suppose 4*r - 10 = 4*m + 34, 0 = 3*r. Let c = 20 - m. Suppose 3*i + 4*t = 262, -4*i = 11*t - 10*t - 358. Calculate the remainder when i is divided by c.
28
Suppose -8*g + 592 = -0*g. Let c = -66 + g. What is the remainder when 20 is divided by c?
4
Let c(r) = -2*r + 2. Suppose 0*x - 5*x + 30 = v, v + x - 38 = 0. Calculate the remainder when v is divided by c(-6).
12
Suppose -x + 16 = -4. Suppose 2*w + x = 48. Let l = 105 - 65. Calculate the remainder when l is divided by w.
12
Let u = -18 - -76. Suppose -4*c + u = 3*o, -3*o - 31 = -4*o + c. What is the remainder when (o/6 - 2)*21 is divided by 25?
24
Let o(d) = -17*d. Let r be o(10). Let s be 2 - (-1 - (2 - 117)). Let k = s - r. What is the remainder when k is divided by 30?
28
Suppose -4*l = -16, -3*v - l = -0*l - 73. Suppose 0 = -3*s - v + 56. What is the remainder when 41 is divided by s?
8
Let n(s) = 55*s - 46. Calculate the remainder when 78 is divided by n(1).
6
Let y(g) = 5*g - 20. Let j be y(5). Suppose j*o = 42 + 218. What is the remainder when o is divided by 18?
16
What is the remainder when 491 is divided by -1*(10 + 16/(-1))?
5
Let m(v) = -2*v + 23. Let t be m(11). Calculate the remainder when 154 is divided by (-11 - -12)/(t/39).
37
Calculate the remainder when 221 is divided by (1/((-4)/30))/((-13)/104).
41
Calculate the remainder when 41 is divided by 3/(-6)*-2 - -16 - -2.
3
Let t(n) = -n**3 - 5*n**2 - 3*n. Let b be t(-3). Let f = -6 - b. Suppose -f*r = -8*r + 145. Calculate the remainder when r is divided by 8.
5
Let o = 975 - 647. What is the remainder when o is divided by 10?
8
Let d(f) = f**2 - 9*f + 6. Let b be d(9). Let j(a) = 24*a - 1. What is the remainder when j(1) is divided by (-2)/b*-1*18?
5
Let p be ((-333)/12)/((-6)/(-16)). Let m = p + 144. Suppose 3*b = -16 + 70. Calculate the remainder when m is divided by b.
16
Let s(r) = -r**3 - 3*r**2 + r - 7. Let c be s(-4). Suppose c*u + 132 = 2*j, -8*j + u + 376 = -3*j. Calculate the remainder when j is divided by 20.
16
Let n = -185 - -190. Calculate the remainder when 183 is divided by n.
3
Suppose -6 = 4*v + 3*s - 54, -v + 29 = 5*s. Suppose 21*h = 2*h + 4*h + 495. Calculate the remainder when h is divided by v.
6
Suppose 4*g + 0*g = 408. Calculate the remainder when g is divided by (-1550)/(-60) - (2/(-12))/1.
24
Let k = 275 + -106. Calculate the remainder when k is divided by 43.
40
What is the remainder when (-6)/2 - ((28 - 13) + -41) is divided by 14/2 + 0 + -1?
5
Let v(s) = 4*s**2 - 11*s + 14. What is the remainder when 271 is divided by v(4)?
33
Suppose -8*i = 5*i - 273. What is the remainder when 83 is divided by i?
20
Let m(p) = p**3 - 10*p**2 + 11*p - 6. Let r(l) = -l**3 + 14*l**2 + 17*l - 21. Let t be r(15). What is the remainder when 46 is divided by m(t)?
10
Let x = -71 - -81. Suppose 12*b - x*b - 124 = 0. What is the remainder when b is divided by 1 + 20 - (1 + -1)?
20
Let j be (-170)/((0 - 1)*2). Suppose -3*x = 2*x - j. Suppose 12*o = 10*o + 98. What is the remainder when o is divided by x?
15
Let x be (0/3)/(0 - -1). Let d be x/(16/(-4) + 2). Suppose d = 4*h - 5*w + 3*w - 44, 0 = 3*h - 3*w - 27. Calculate the remainder when 51 is divided by h.
12
Suppose 0 = 2*v - 5*h - 163, 4*v + 89*h - 86*h = 261. Calculate the remainder when 964 is divided by v.
67
Let y(p) = 26*p**2 + 2 + 0 + p + 1 - 1. Let n be y(2). Suppose -n = -2*d - 34. Calculate the remainder when d is divided by 20.
17
Suppose -3*r + 19 + 0 = 4*f, 2*f - 5*r + 23 = 0. What is the remainder when 19 is divided by -2*(f + -2 + (-112)/32)?
1
Let m(k) = k**3 + 6*k**2. Let r be m(-6). Suppose -w - 18 + 64 = r. Suppose 263 = 5*i + z, i - 5*z = -3*z + w. What is the remainder when i is divided by 14?
10
Suppose -3*y + 1008 = -3*m, 521 = 2*y - m - 152. What is the remainder when y is divided by 119?
99
Calculate the remainder when 1026 + ((-5)/10 - 65/10) is divided by 85.
84
Let s(m) = 8*m - 102. Calculate the remainder when 31 is divided by s(13).
1
Let n = -819 + 1180. What is the remainder when n is divided by 119?
4
Let n(z) = 2*z + 4. Let l be 2/(8/(-3) + 3). Calculate the remainder when n(l) is divided by 5.
1
Let b be 1/((-55)/30 + 2). Calculate the remainder when 1*(36 + 0 + 0) is divided by 81/b + 12/(-24).
10
Suppose -3*z + 114 = 3*r, r - 83 = -5*z + 91. Let j = -474 - -486. What is the remainder when z is divided by j?
10
Calculate the remainder when 645 is divided by 243/(-6)*(-15)/((-45)/(-4)).
51
Suppose -16*f - 3399 = -16695. Calculate the remainder when f is divided by 16.
15
Suppose 630*m - 622*m - 728 = 0. What is the remainder when m is divided by 31?
29
Let d(r) = -8*r - 273. Calculate the remainder when d(-59) is divided by 42.
31
Let a(o) = -29*o. Let i(b) = -59*b + 81. What is the remainder when i(-1) is divided by a(-1)?
24
Suppose -20*b + 213 = -87. Calculate the remainder when 54 is divided by b.
9
Let p(m) = m - 6. Suppose 0 = -3*w - 3*l + 2 - 173, 5*w + 303 = 4*l. Let r = w - -62. What is the remainder when r is divided by p(7)?
0
Let g be 2/7 - (-18)/(-63). Suppose g*n + n = 6. Suppose -c + n*c = 30. What is the remainder when 22 is divided by c?
4
Suppose w = 3*w. Suppose w = -0*z + z + 23. Let r = z + 32. What is the remainder when 16 is divided by r?
7
Suppose -5*n - 84 = -2*o, -4*n - 6 = -4*o + 138. Suppose 3 = g - 2*u - 6, -5*u = -3*g + o. Calculate the remainder when g is divided by 10.
9
Suppose -11*x = -11 - 88. What is the remainder when 35 is divided by x?
8
Let n = 13 + -9. Let x(y) = 2*y**3 - 7*y**2 - 4*y + 4. Calculate the remainder when 17 is divided by x(n).
1
Let t = 83 + -44. Let l = 52 - t. What is the remainder when l is divided by 3?
1
Suppose 89*p - 42 = 86*p. What is the remainder when 15 is divided by p?
1
Let j(b) = -30*b - 4. Let q be j(-5). Suppose -4*g - 3*y - q = 115, -5*g + 3*y = 306. Calculate the remain